d(-10) composite?
True
Suppose 3*y + 5009 = -0*k + 2*k, k + 5*y = 2498. Is k composite?
False
Let z(a) = 3*a**2 - 9*a + 32. Let g = -33 - -27. Is z(g) a prime number?
False
Suppose 3*x + 5372 = m, 2*m - 3*x + 3586 - 14336 = 0. Is m composite?
True
Let u(c) = 190*c**2 - 9*c - 41. Is u(-4) a prime number?
False
Let j(y) = y - 3. Let g be j(4). Suppose 5*p - 485 = -5*z, p - 5 + g = 0. Is z a composite number?
True
Suppose -4*s = -s - 3, -5*s + 5 = -2*j. Suppose 4*z - 625 - 699 = j. Is z composite?
False
Suppose 0 = -4*f + 3*z - 135, 3*f - 3*z + 110 = z. Let m = -40 - f. Is 987/3 - m/5 a composite number?
False
Suppose -5*d - 5*r = 10, 4*r = 2 - 14. Is (-2)/d - (-2 - 419) a prime number?
True
Let v(s) = -3*s + 6*s**2 - 12 + 0*s - s + 9*s. Is v(5) a prime number?
True
Let o(a) = -12 - 10 + 2*a - 7*a - 4. Let g be -1 - (8/6)/(3/45). Is o(g) composite?
False
Suppose -13*g + 15*g = -22. Is (-469)/14*-1*(-1 - g) a composite number?
True
Let t(f) = f**3 - 10*f**2 + 14*f + 16. Let k be t(8). Suppose k = 5*x - g - 2*g - 170, -x = 3*g - 52. Is x composite?
False
Suppose -31*o + s - 505 = -33*o, 0 = -4*s - 12. Is o a composite number?
True
Is (-1)/(-1) + (8501 - (-1 - 10)) a prime number?
True
Let s = 19 + -18. Let q = s + -1. Suppose -2*g - 622 = -4*k, q = -5*k - 5*g + 2*g + 794. Is k a composite number?
False
Let x(h) = -3*h + 3. Let q(s) = -10*s + 10. Let p(k) = -6*q(k) + 21*x(k). Let w be p(3). Is 227/2 + w/(-4) a prime number?
False
Suppose 22*q - 11054 = 25004. Is q a prime number?
False
Suppose 0 = -8*r + 193 + 463. Let h = r + 3. Is h prime?
False
Let b = -5 + 5. Suppose b = k - 2*k + 167. Is k prime?
True
Suppose 11*s - 1268 = 7*s. Is s a prime number?
True
Suppose 17*i + 4*i - 596379 = 0. Is i a prime number?
False
Suppose 0 = 4*u + 126 + 354. Let l = 473 + u. Is l a composite number?
False
Is 3 - (1634/3)/(2/(-6)) composite?
False
Suppose 4*d - 2*j - 461344 = 0, -20*d + 19*d + 115341 = 2*j. Is d a composite number?
False
Let j = -37 + 33. Is (-21025)/(-45) + (24/27)/j a composite number?
False
Suppose -196 = b + 6*b. Is ((-1309)/b)/((-3)/(-12)) a composite number?
True
Let h = 10361 - 5454. Is h composite?
True
Suppose -9 = q + 2*q, 3*y - q = 12. Suppose -h = -y, 2*a + 3*h = 2*h + 157. Is a composite?
True
Suppose -3*n - 6 = 3*f + 2*f, -2*f - 4 = 2*n. Suppose 6 = -3*g, 2*s - 3*g - 512 = -f*s. Is s a composite number?
True
Is 14431/((-78)/52*(-2)/3) a prime number?
True
Let m(i) = 3*i**2 + 13*i + 7. Let l be m(-4). Let u(q) = 32*q + 7. Is u(l) composite?
False
Let v = 242 - -660. Let h = v + -475. Is h a prime number?
False
Let l(z) = -5*z - 38*z - 33 - 69*z. Is l(-8) composite?
False
Let h be (-9)/(-18) - 297/(-2). Suppose x = 102 + h. Is x prime?
True
Let a be -3 + (-1 - -4) + 4. Suppose -2*c + 108 = -2*b, a*b = -c + 15 + 44. Is c composite?
True
Let s(r) = -r**3 + 18*r**2 - 8*r - 19. Is s(-18) composite?
False
Let a be -4*((-1)/4 + (-2115)/(-12)). Let v = -231 - a. Is v prime?
False
Let a(w) = 36*w**2 - 9*w + 22. Let m be 1 - (0 - 2) - -2. Is a(m) prime?
True
Suppose -4*w + 68882 = 2*m, 4*w = 2*m - 104639 + 35789. Is m a composite number?
True
Is 1084352/30 - (-107)/(-1605) a composite number?
True
Let k(f) = -f**3 + 12*f**2 + 3*f - 12. Let h be (-108)/32*-2 + 4/16. Is k(h) a composite number?
True
Is (-2)/10 - ((-61750170)/75)/23 composite?
False
Suppose 6*y - 8 = 4. Is (1/y)/((-3)/(-13506)) prime?
True
Is 198/330 - 166132/(-5) composite?
True
Suppose 2*c - 4*v = -4 - 14, -4*c - 8 = -v. Is (7817/(4 + -3))/(c + 2) composite?
False
Let s = 45 - 46. Let l(c) = -3944*c**3 - c**2 - c - 1. Is l(s) prime?
True
Let c = -8 + 14. Suppose 3*b + 1899 = c*b. Suppose b = 3*p - 0*p. Is p a composite number?
False
Let z(a) = 263*a**2 - 11*a - 25. Is z(-2) a prime number?
True
Let u = 33 - 30. Is 16 - (0 - (-3)/u) composite?
True
Is (-25454)/(-8) + 111/(-148) a composite number?
False
Let n be (-10654)/21 + 2/6. Suppose -s + 0*s = -26. Is (n/s)/(3/(-4)) composite?
True
Suppose 0 = -3*p + 5*z - 4*z + 14, 0 = 5*p + 2*z - 16. Suppose 2*o + 1064 = p*o + 2*x, -5*x = -4*o + 2101. Is o composite?
True
Let n be (-7)/(-4) - 6/8. Let f be (-5 + 4)*-3*n. Suppose l = -f*l + 452. Is l a prime number?
True
Let m(j) = 135*j**3 - 2*j**2 - 3*j - 11. Is m(6) prime?
True
Let h(k) = -2*k + 2. Let f be h(2). Let y be f/(-3) - (-12088)/12. Let x = 1427 - y. Is x composite?
False
Suppose -4*p + 56 = -3*d, -5*p + 28 = -p + 4*d. Let v(c) = c**3 - 11*c**2 - 2. Let u be v(p). Is u - (-2)/(4/650) a prime number?
False
Let g(q) = -150*q - 26. Let p(j) = 75*j + 13. Let u(c) = -4*g(c) - 9*p(c). Is u(-10) prime?
False
Suppose 0 = -10*h - 5*h + 3810. Is h a prime number?
False
Suppose -5*m = 5*v - 31930, 4*v = -0*m + m - 6401. Is m composite?
False
Suppose 0 = -7*o - 0*o + 21. Suppose -o*a - 3*z - 1747 = -6685, -3 = -z. Is a a composite number?
True
Let h(q) = -2*q - 12. Let t be h(-6). Suppose -5*b - 1647 = -4*v, b + b - v + 657 = t. Let g = b + 476. Is g prime?
True
Let s = -301 - -548. Let p = 272 + s. Is p a composite number?
True
Suppose 5*c + 2*z = 13997 + 4248, -z = -5*c + 18230. Is c composite?
True
Suppose -t + 8 = -2*o, 0*o + 16 = 2*t - 5*o. Suppose r - 4*m = -0*r - t, -5*r + 3*m = 23. Let f(l) = -l**3 - 6*l - 6. Is f(r) prime?
False
Let w(b) be the third derivative of 25*b**5/6 + b**4/24 - 10*b**2. Is w(1) prime?
True
Suppose 0 = -3*w - 2*w + 15. Let j be (6/(-8))/((-2)/8). Suppose 3*o - 66 = -5*t + 2*t, j*o + 84 = w*t. Is t a composite number?
True
Let k = 33599 - 19786. Is k composite?
True
Let s(z) = -z**3 - 8*z**2 + 10*z + 3. Let y be s(-7). Let l = -57 - y. Is l prime?
True
Suppose 12*t - 33208 = 43628. Is t composite?
True
Let l = -3577 + 14184. Is l a composite number?
False
Let b(h) = 941*h + 145. Is b(12) a composite number?
False
Suppose 2*f = -p - 4*p + 58, 3*f + 63 = 5*p. Suppose -p + 2 = -5*i. Suppose 154 = i*k - 136. Is k prime?
False
Let n be 2 + (-2 + 3)/((-4)/(-8)). Is 1 + (-3680)/(-45) + n/18 prime?
True
Let v = -20554 - -29043. Suppose 2*c + v = 5*k - 1994, -6281 = -3*k - c. Is k a prime number?
False
Let d(a) = 67*a**2 - 3*a - 3. Let v = 24 + -11. Let b = v + -14. Is d(b) a composite number?
False
Suppose -4*c + 406 = -6*f + 8*f, f - 3*c - 178 = 0. Suppose -3*y = y - 2*i - 8, i - 11 = -3*y. Suppose -3*t = y, -4*t - f = -j - 2*t. Is j a composite number?
False
Let y = -8194 + 13863. Is y composite?
False
Suppose -26*f + 30696 + 103646 = 0. Is f a composite number?
False
Let p = 10 - 14. Let s be (p + 5)/(1/(-6)). Is 257*(-2)/s*3 a prime number?
True
Suppose -5*x + 2*b + b = 6668, 2*x + 4*b + 2688 = 0. Is (2 + x/6)*(-9)/6 composite?
False
Is ((-3434)/102)/(20/21 - 1) composite?
True
Suppose 0 = -4*f + 4*h - 173 - 127, -3*h - 83 = f. Let q = 902 - f. Is q a composite number?
True
Suppose 2*q + 304 - 3966 = 0. Is q prime?
True
Let h = -66 + 69. Suppose 0 = -3*z - 4*b + 1635, -h*z + 2*z + 544 = b. Is z a prime number?
True
Suppose -3 = 2*n - 4*w + 1, -5*n + 4*w + 14 = 0. Let k(l) = -6 + 0 + 1 - 2*l - 8*l**2 - 3*l**3 + 5*l**3. Is k(n) a composite number?
False
Let d(n) = 1625*n + 22. Is d(5) a composite number?
False
Suppose 12*t - 10*t - 4 = 0. Suppose t*j - x - 7486 = -5*x, 5*j + 3*x = 18701. Is j a prime number?
True
Let u = 803 - 429. Let r = 529 - u. Suppose -3*a + r = 2*s, -3*a = -2*s + 2*a + 163. Is s a prime number?
True
Let s = -313 - -490. Suppose -2*a = a - s. Is a composite?
False
Suppose -14011 = 14*z - 119193. Is z a composite number?
True
Let p(c) = -c**3 + 27*c**2 - 24*c - 71. Is p(12) a composite number?
False
Let p = 6362 + -3319. Is p prime?
False
Suppose 2*f + v - 12 = 0, -f + 12 = f - 2*v. Let j = 11 - f. Suppose -2*m - 573 = -j*m. Is m a prime number?
True
Suppose 5*t - 3*t + 8 = 4*f, 3*f = 4*t + 16. Is 1 - 150*-3 - (2 - f) a composite number?
False
Let c(y) = 5*y**3 + 2*y**2 - 2*y - 2. Let d be (-3)/(-2) + 3/2. Is c(d) prime?
False
Is ((-15430)/25)/((-2)/5) composite?
False
Let u(y) = y**3 + 41*y**2 + 67*y - 129. Is u(-38) a composite number?
False
Suppose p - 610 = -0*p. Suppose -b - p = -2*b. Is (-4)/(-24) + b/12 a prime number?
False
Suppose -4*m + 3*j = 82, 2*j + 2*j = m + 27. Is -346*m/26 + 40/260 prime?
False
Suppose -19*l - 29685 = -116496. Is l prime?
False
Let a(h) = h**2 - 6*h - 12. Let t be a(9). Suppose f + 6065 = 2*y - 2*f, 0 =